hest common divisor of 17 and 697.
17
What is the greatest common factor of 50 and 9650?
50
What is the highest common divisor of 8 and 158?
2
Calculate the highest common factor of 3 and 6648.
3
What is the greatest common factor of 899 and 87?
29
Calculate the greatest common factor of 2096 and 2.
2
What is the greatest common factor of 112 and 3120?
16
Calculate the highest common divisor of 5328 and 144.
144
What is the highest common divisor of 7448 and 7?
7
What is the highest common divisor of 25 and 1325?
25
Calculate the greatest common factor of 312 and 8.
8
What is the highest common divisor of 130 and 455?
65
What is the greatest common divisor of 12 and 588?
12
What is the greatest common divisor of 7068 and 19?
19
What is the greatest common factor of 23 and 529?
23
What is the highest common factor of 153 and 36?
9
What is the greatest common factor of 198 and 8954?
22
Calculate the greatest common divisor of 12172 and 119.
17
What is the highest common divisor of 219 and 177?
3
Calculate the highest common divisor of 102 and 42.
6
What is the highest common factor of 68 and 20?
4
What is the greatest common factor of 3686 and 194?
194
Calculate the highest common factor of 13000 and 1820.
260
What is the highest common divisor of 198 and 90?
18
Calculate the highest common divisor of 897 and 78.
39
Calculate the greatest common divisor of 42 and 4102.
14
Calculate the highest common factor of 1136 and 16.
16
What is the highest common factor of 90 and 7250?
10
What is the greatest common factor of 2076 and 12?
12
Calculate the greatest common factor of 114 and 19.
19
What is the greatest common divisor of 119 and 17?
17
What is the highest common divisor of 6930 and 360?
90
Calculate the highest common factor of 9915 and 165.
15
Calculate the greatest common factor of 4 and 142.
2
What is the greatest common factor of 2905 and 245?
35
What is the highest common factor of 36 and 81?
9
What is the greatest common divisor of 5868 and 8?
4
Calculate the highest common factor of 144 and 384.
48
What is the highest common factor of 124 and 31?
31
Calculate the highest common divisor of 32 and 976.
16
Calculate the highest common divisor of 115 and 552.
23
What is the highest common factor of 1587 and 3?
3
Calculate the greatest common divisor of 3485 and 425.
85
Calculate the highest common factor of 247 and 26.
13
What is the greatest common factor of 33 and 2035?
11
Calculate the highest common divisor of 309 and 7519.
103
Calculate the highest common divisor of 340 and 1564.
68
Calculate the highest common divisor of 35 and 14.
7
What is the greatest common factor of 68 and 204?
68
Calculate the highest common factor of 5852 and 2464.
308
Calculate the greatest common factor of 16 and 64.
16
Calculate the highest common factor of 89 and 4628.
89
What is the greatest common factor of 56 and 98?
14
What is the greatest common factor of 594 and 12?
6
Calculate the highest common divisor of 1634 and 86.
86
Calculate the greatest common divisor of 40 and 24.
8
What is the greatest common divisor of 21 and 1498?
7
Calculate the greatest common factor of 142 and 5751.
71
Calculate the greatest common divisor of 10 and 710.
10
Calculate the highest common divisor of 282 and 18.
6
What is the highest common factor of 21294 and 28?
14
What is the highest common factor of 29 and 377?
29
What is the highest common divisor of 29 and 232?
29
Calculate the greatest common factor of 200 and 8.
8
What is the greatest common factor of 325 and 100?
25
What is the greatest common divisor of 378 and 252?
126
Calculate the greatest common divisor of 76 and 323.
19
Calculate the greatest common factor of 744 and 216.
24
What is the greatest common factor of 1073 and 37?
37
What is the greatest common divisor of 3910 and 68?
34
Calculate the greatest common factor of 506 and 552.
46
Calculate the greatest common factor of 40 and 6980.
20
What is the greatest common factor of 3666 and 702?
78
Calculate the greatest common divisor of 86 and 64.
2
Calculate the greatest common factor of 36 and 6381.
9
Calculate the highest common factor of 176 and 253.
11
What is the greatest common factor of 18 and 99?
9
What is the greatest common divisor of 485 and 1067?
97
Calculate the highest common factor of 13 and 637.
13
What is the highest common divisor of 18 and 198?
18
Calculate the greatest common divisor of 4536 and 168.
168
What is the highest common divisor of 1313 and 101?
101
Calculate the greatest common divisor of 74 and 111.
37
Calculate the greatest common factor of 82 and 4.
2
What is the highest common divisor of 350 and 126?
14
What is the highest common divisor of 6 and 14?
2
What is the greatest common factor of 192 and 348?
12
What is the greatest common factor of 84 and 12628?
28
What is the highest common factor of 15740 and 20?
20
What is the highest common factor of 2248 and 24?
8
What is the greatest common divisor of 1020 and 870?
30
Calculate the highest common factor of 20 and 40.
20
Calculate the greatest common factor of 189 and 252.
63
What is the greatest common divisor of 19 and 1919?
19
What is the greatest common divisor of 19700 and 175?
25
Calculate the greatest common factor of 71 and 639.
71
What is the highest common factor of 34 and 16354?
34
What is the highest common divisor of 1 and 23?
1
Calculate the greatest common divisor of 102 and 6.
6
What is the greatest common factor of 153 and 85?
17
Calculate the greatest common divisor of 476 and 2023.
119
Calculate the greatest common factor of 18 and 75.
3
What is the highest common factor of 63 and 84?
21
Calculate the highest common divisor of 126 and 938.
14
Calculate the highest common factor of 3243 and 94.
47
What is the highest common factor of 301 and 189?
7
What is the highest common factor of 1127 and 196?
49
Calculate the greatest common factor of 3780 and 56.
28
Calculate the highest common factor of 424 and 1166.
106
Calculate the greatest common divisor of 160 and 256.
32
What is the highest common divisor of 2 and 14?
2
Calculate the highest common factor of 18 and 138.
6
What is the highest common factor of 146 and 3650?
146
What is the greatest common factor of 3069 and 165?
33
What is the highest common factor of 1 and 79?
1
What is the greatest common divisor of 230 and 290?
10
What is the greatest common factor of 128 and 832?
64
Calculate the greatest common divisor of 2560 and 3280.
80
What is the greatest common divisor of 10 and 661?
1
What is the highest common factor of 2272 and 781?
71
Calculate the highest common divisor of 1431 and 162.
27
Calculate the highest common factor of 272 and 765.
17
What is the highest common factor of 602 and 3526?
86
Calculate the highest common divisor of 11 and 7051.
11
What is the greatest common factor of 128 and 2?
2
Calculate the greatest common divisor of 252 and 264.
12
What is the greatest common divisor of 18603 and 53?
53
Calculate the highest common factor of 13 and 15613.
13
What is the greatest common divisor of 203 and 7?
7
What is the highest common divisor of 670 and 27135?
335
What is the greatest common factor of 45 and 45?
45
Calculate the highest common factor of 4298 and 14.
14
Calculate the highest common factor of 1801 and 3.
1
Calculate the highest common factor of 11557 and 273.
91
Calculate the greatest common factor of 528 and 24.
24
Calculate the highest common factor of 12 and 1284.
12
What is the highest common divisor of 9 and 57?
3
Calculate the highest common divisor of 1176 and 560.
56
What is the greatest common factor of 27456 and 264?
264
What is the highest common factor of 4608 and 16?
16
What is the greatest common divisor of 7553 and 455?
91
What is the greatest common factor of 604 and 4?
4
Calculate the highest common factor of 10 and 4200.
10
Calculate the greatest common factor of 704 and 56.
8
Calculate the highest common divisor of 99 and 2070.
9
What is the greatest common divisor of 102 and 12?
6
Calculate the greatest common divisor of 15 and 4395.
15
Calculate the greatest common factor of 481 and 26.
13
Calculate the greatest common factor of 6 and 42.
6
What is the greatest common factor of 92 and 8?
4
What is the highest common divisor of 104 and 338?
26
Cal